{"version":"1.0","provider_name":"Intersafe Portugal","provider_url":"https:\/\/intersafe.pt","author_name":"Erika Arias","author_url":"https:\/\/intersafe.pt\/index.php\/author\/erika\/","title":"protecci\u00f3n de la cabeza - Intersafe Portugal","type":"rich","width":600,"height":338,"html":"<blockquote class=\"wp-embedded-content\" data-secret=\"OxcepLoAHE\"><a href=\"https:\/\/intersafe.pt\/index.php\/2023\/02\/15\/proteccion-de-la-cabeza\/\">protecci\u00f3n de la cabeza<\/a><\/blockquote><iframe sandbox=\"allow-scripts\" security=\"restricted\" src=\"https:\/\/intersafe.pt\/index.php\/2023\/02\/15\/proteccion-de-la-cabeza\/embed\/#?secret=OxcepLoAHE\" width=\"600\" height=\"338\" title=\"\u00abprotecci\u00f3n de la cabeza\u00bb \u2014 Intersafe Portugal\" data-secret=\"OxcepLoAHE\" frameborder=\"0\" marginwidth=\"0\" marginheight=\"0\" scrolling=\"no\" class=\"wp-embedded-content\"><\/iframe><script>\n\/*! This file is auto-generated *\/\n!function(d,l){\"use strict\";l.querySelector&&d.addEventListener&&\"undefined\"!=typeof URL&&(d.wp=d.wp||{},d.wp.receiveEmbedMessage||(d.wp.receiveEmbedMessage=function(e){var t=e.data;if((t||t.secret||t.message||t.value)&&!\/[^a-zA-Z0-9]\/.test(t.secret)){for(var s,r,n,a=l.querySelectorAll('iframe[data-secret=\"'+t.secret+'\"]'),o=l.querySelectorAll('blockquote[data-secret=\"'+t.secret+'\"]'),c=new RegExp(\"^https?:$\",\"i\"),i=0;i<o.length;i++)o[i].style.display=\"none\";for(i=0;i<a.length;i++)s=a[i],e.source===s.contentWindow&&(s.removeAttribute(\"style\"),\"height\"===t.message?(1e3<(r=parseInt(t.value,10))?r=1e3:~~r<200&&(r=200),s.height=r):\"link\"===t.message&&(r=new URL(s.getAttribute(\"src\")),n=new URL(t.value),c.test(n.protocol))&&n.host===r.host&&l.activeElement===s&&(d.top.location.href=t.value))}},d.addEventListener(\"message\",d.wp.receiveEmbedMessage,!1),l.addEventListener(\"DOMContentLoaded\",function(){for(var e,t,s=l.querySelectorAll(\"iframe.wp-embedded-content\"),r=0;r<s.length;r++)(t=(e=s[r]).getAttribute(\"data-secret\"))||(t=Math.random().toString(36).substring(2,12),e.src+=\"#?secret=\"+t,e.setAttribute(\"data-secret\",t)),e.contentWindow.postMessage({message:\"ready\",secret:t},\"*\")},!1)))}(window,document);\n\/\/# sourceURL=https:\/\/intersafe.pt\/wp-includes\/js\/wp-embed.min.js\n<\/script>\n","description":"Protecci\u00f3n de cabeza C\u00f3mo seleccionar tu equipo de protecci\u00f3n auditiva Descubre los factores clave que debes tener en cuenta para seleccionar el equipo de calzado de seguridad\u00a0m\u00e1s adecuado seg\u00fan tus necesidades. visita nuestros post Cascos de protecci\u00f3n: conservaci\u00f3n, mantenimiento y caducidad ver post Cascos ventilados para riesgo el\u00e9ctrico en baja tensi\u00f3n ver post \u00bfQu\u00e9 es &hellip;  Leer m\u00e1s \u00bb","thumbnail_url":"https:\/\/intersafe.pt\/wp-content\/uploads\/2023\/02\/GettyImages-1392719942-768x530.jpg"}

protección de la cabeza - Intersafe Portugal

<blockquote class="wp-embedded-content" data-secret="OxcepLoAHE"><a href="https://intersafe.pt/index.php/2023/02/15/proteccion-de-la-cabeza/">protección de la cabeza</a></blockquote><iframe sandbox="allow-scripts" security="restricted" src="https://intersafe.pt/index.php/2023/02/15/proteccion-de-la-cabeza/embed/#?secret=OxcepLoAHE" width="600" height="338" title="«protección de la cabeza» — Intersafe Portugal" data-secret="OxcepLoAHE" frameborder="0" marginwidth="0" marginheight="0" scrolling="no" class="wp-embedded-content"></iframe><script>
/*! This file is auto-generated */
!function(d,l){"use strict";l.querySelector&&d.addEventListener&&"undefined"!=typeof URL&&(d.wp=d.wp||{},d.wp.receiveEmbedMessage||(d.wp.receiveEmbedMessage=function(e){var t=e.data;if((t||t.secret||t.message||t.value)&&!/[^a-zA-Z0-9]/.test(t.secret)){for(var s,r,n,a=l.querySelectorAll('iframe[data-secret="'+t.secret+'"]'),o=l.querySelectorAll('blockquote[data-secret="'+t.secret+'"]'),c=new RegExp("^https?:$","i"),i=0;i<o.length;i++)o[i].style.display="none";for(i=0;i<a.length;i++)s=a[i],e.source===s.contentWindow&&(s.removeAttribute("style"),"height"===t.message?(1e3<(r=parseInt(t.value,10))?r=1e3:~~r<200&&(r=200),s.height=r):"link"===t.message&&(r=new URL(s.getAttribute("src")),n=new URL(t.value),c.test(n.protocol))&&n.host===r.host&&l.activeElement===s&&(d.top.location.href=t.value))}},d.addEventListener("message",d.wp.receiveEmbedMessage,!1),l.addEventListener("DOMContentLoaded",function(){for(var e,t,s=l.querySelectorAll("iframe.wp-embedded-content"),r=0;r<s.length;r++)(t=(e=s[r]).getAttribute("data-secret"))||(t=Math.random().toString(36).substring(2,12),e.src+="#?secret="+t,e.setAttribute("data-secret",t)),e.contentWindow.postMessage({message:"ready",secret:t},"*")},!1)))}(window,document);
//# sourceURL=https://intersafe.pt/wp-includes/js/wp-embed.min.js
</script>

Protección de cabeza Cómo seleccionar tu equipo de protección auditiva Descubre los factores clave que debes tener en cuenta para seleccionar el equipo de calzado de seguridad más adecuado según tus necesidades. visita nuestros post Cascos de protección: conservación, mantenimiento y caducidad ver post Cascos ventilados para riesgo eléctrico en baja tensión ver post ¿Qué es &hellip;  Leer más »
